0 = 4*q - 2*l. Let a(f) = -f**3 + 9*f**2 - 6*f - 25. Give a(q).
-9
Let a(d) be the first derivative of -d**3/3 - 9*d**2/2 - 4*d - 83. What is a(-5)?
16
Let o(p) = -39939 + 39939 - 3*p**2. What is o(2)?
-12
Let i = 6 - -26. Let a = i + -19. Let g = -11 + a. Let j(t) = -4*t**2 + 2*t - 1. Determine j(g).
-13
Let x = 13 + -7. Let b(c) be the first derivative of -1/4*c**4 + 5/3*c**3 + 5/2*c**2 + 3*c - 14. What is b(x)?
-3
Suppose 0 = -5*b + 5*d + 15 - 55, -3*b = -4*d + 21. Let t(f) = -f - 17. What is t(b)?
-6
Let c(h) = -h + 3. Let d be (-10 - (4 - (7 - -2))) + 9. Calculate c(d).
-1
Let x(c) = -17*c**2 - 7 + 18*c**2 + 10*c - 2. What is x(-11)?
2
Let k(c) = -c**3 - 17*c**2 + c + 2. Suppose -30*i + 15*i - 255 = 0. Determine k(i).
-15
Let p(f) = -f + 2. Let c(w) = w**2 - 4*w - 6. Let g be c(6). Let k be 10/g - 3/(-9). Let x be (k - 1)/((-4)/(-8)). Give p(x).
0
Let j = 17 + -12. Let u(t) = 21*t**2 - 3*t**2 + t**3 - 6*t**2 + j - 6*t**2 + 2*t. Let q be 40/(-6) - 4/(-6). What is u(q)?
-7
Let l(o) = o**3 + 10*o**2 + 2*o + 28. Let s be l(-10). Let p be (-52)/s + 4 - (-2)/4. Let r(t) = -t**2 + t + 2. What is r(p)?
-4
Let m = -367 + 360. Let t(w) = -w**2 - 9*w - 4. Give t(m).
10
Let x(u) = -u**3 + 8*u**2 + 11*u + 8. Let z(p) = -2*p**3 + 19*p**2 + 23*p + 15. Let j(n) = 7*x(n) - 3*z(n). Give j(-3).
5
Let w(t) be the first derivative of -t**4/4 - 13*t**3/3 - 11*t**2/2 + 8*t - 12. Give w(-12).
-4
Let o(y) be the second derivative of y**6/360 - y**5/15 - y**4/12 - 19*y**3/6 - 5*y. Let t(v) be the second derivative of o(v). Determine t(6).
-14
Suppose 17 - 14 = 3*r. Let c(i) = -357*i + 715*i + r - 362*i. Determine c(-1).
5
Let m be -3 - (-24)/4 - 3. Let d(t) = -1 - 67*t**3 + m + t**2 + t + 53*t**3. Calculate d(1).
-13
Let o(a) = -3*a + 35. Let k = -2632 - -2645. Give o(k).
-4
Let h(r) be the third derivative of r**5/60 - 7*r**4/24 + 2*r**3/3 + 7*r**2. Suppose 14*v = 6*v + 48. Give h(v).
-2
Let w(o) = 2*o**3 + 23*o**2 + 11*o + 3. Let n = -184 + 173. Give w(n).
3
Let r(f) = 2369*f - 6 - 2357*f - 13 - f**2. Calculate r(10).
1
Suppose 5*d = -2*f + 18, 3*d + 0*f = -5*f + 26. Let a be -1*2/d*0. Let o(r) = 14 + a - r + 0. Determine o(0).
14
Let g(z) be the second derivative of 7*z**3/6 + 2*z**2 + 58*z + 2. Give g(4).
32
Let p be -1 + 0 + 2 + 2. Suppose 7*n - 4 = p*n. Let f(s) = 0*s + s**2 + 7*s + 2*s**3 - 6*s + 0*s + n. Calculate f(-1).
-1
Let z(d) = 8*d**3. Let r(c) = -c**3 - 4*c**2 - 3*c - 11. Let q be 3/(-2) + (-6)/4 + -1. Let b be r(q). What is z(b)?
8
Let v(k) = 3*k + 6. Let i be ((-10)/(-14)*2)/(38/266). Calculate v(i).
36
Let i = -31 - -22. Let k(b) = b**3 + 8*b**2 - 8*b + 5. Let o be k(i). Let n(l) = -l**2 - 5*l - 5. What is n(o)?
-1
Let n(c) = 3*c**2 - c. Let r be (-9 - -4)/(10/(-4)). Let y = r + 7. Suppose 4*u = -z - y, 0*u - 3 = 5*z - u. What is n(z)?
4
Let m(b) = 2*b + 4. Let i(h) = 2*h + 5. Let f(r) = -2*i(r) + 3*m(r). Calculate f(1).
4
Let b = -3 + 1. Suppose 20*p = 18*p + 8. Let r(y) = 20 - 10 - p*y + y - 12. Calculate r(b).
4
Let c(j) = -3*j**2 + j**3 + 0*j + 2*j**2 - 3 - 2*j. Let l be (-51 + (0 - 3))/(-2). Suppose -z + l = 24. Give c(z).
9
Let z(u) = 3*u**3 - 24*u**2 + 8*u + 13. Let m(a) = a**3 - 8*a**2 + 3*a + 5. Let l(j) = -8*m(j) + 3*z(j). Calculate l(8).
-1
Let b(m) be the second derivative of 0 - m - 2*m**2 + 1/2*m**3. Suppose 3*y = a + 16, 4*y - 2*a - 20 = -a. Determine b(y).
8
Let r(m) = m - 1. Let c = 220 + -223. Calculate r(c).
-4
Suppose 5*n = 2*n - 4*s + 127, -4*n - s + 178 = 0. Suppose 4*w + 13 - n = 0. Let o(k) = 2 - w*k**2 - 3 - k**2 + 3*k**2. Calculate o(1).
-7
Let k(p) = -2*p**3 + 8*p**2 - 4*p + 8. Let i = 85 + -82. Let o(l) = 3*l**3 - 15*l**2 + 8*l - 16. Let f(u) = i*o(u) + 5*k(u). Calculate f(-6).
4
Let u(y) be the first derivative of -y**4/4 + 3*y**3 - 4*y**2 - y + 389. What is u(8)?
-1
Suppose 0 = -0*z + 2*z - 4. Let a be (12/21)/(z/7). Let o(g) = g**3 + 3*g**a - 1 - 1 + 7 - 2*g. Calculate o(-4).
-3
Suppose 5*u - 3 = 2. Let n be ((-2)/(-5))/((-5)/(-75)). Let j(h) = -1 + 2*h + 0*h + n*h + 0. Determine j(u).
7
Let l(d) = d**2 - 1 + 2*d + 3*d + 2. Suppose 8*p - 15 = 169. Suppose 4*z + p = 7. Give l(z).
-3
Let p(v) = -v**3 + 2*v - 1. Let l = -3174 + 3176. Determine p(l).
-5
Let g(m) be the third derivative of -m**5/60 + 11*m**4/24 + m**3/2 + 482*m**2. Give g(9).
21
Let f = -15 - -27. Let p(u) = -u + 15. Let j be p(f). Let k(i) = -i - 4. What is k(j)?
-7
Let q = -53 + 55. Let o be 1/(q + 26/(-14)). Let f(c) be the first derivative of c**3/3 - 3*c**2 + 3*c - 3. Calculate f(o).
10
Let p(c) = -c - 10. Let h(s) = -s**2 - 8*s - 11. Let r be h(-5). Suppose -5*l + r*a = 10, -2*a = a + 15. Determine p(l).
-4
Let j(o) = o**2 + 3*o - 2. Let u(x) = x + 24. Let b be u(-14). Let s(i) = i**3 + i**2 - 2*i - 1. Let r be s(-3). Let m = b + r. Give j(m).
-2
Let a(g) = -5*g**3 + 7*g**2 + 5*g + 1. Let k(l) = -2*l**3 + 3*l**2 + l + 1. Let h(r) = -a(r) + 3*k(r). Let q = -11 + 16. Let s = q + -3. What is h(s)?
-2
Let d(v) be the third derivative of 1/30*v**5 - 5/24*v**4 + 0 - 1/3*v**3 + 0*v + 18*v**2. What is d(4)?
10
Let n(r) = r**2 + 2*r + 4. Let f be n(0). Let k(y) = -f + 3*y + 4 - y - 2. What is k(3)?
4
Let h(x) be the first derivative of x**2/2 + 2*x - 1. Let p be (-4)/(3 + 1) - -3. Suppose 2*c + r - 2 = -5, 5*c - p*r - 6 = 0. What is h(c)?
2
Let p = -51 + 63. Let o(c) = p*c + 5 - 9*c - 5*c. Calculate o(4).
-3
Let z(f) = 9*f**2 - 5*f. Let q(p) be the second derivative of 11*p**4/6 - 2*p**3 + 27*p. Suppose 2*r = 6*r + 20. Let t(v) = r*q(v) + 12*z(v). Calculate t(1).
-2
Let s(m) = -2*m**2 - 2. Let p be s(-2). Let n = p + 11. Suppose -5*h - 2*q + n = 0, 0*q + 5*q + 6 = -4*h. Let f(d) = 3*d - 1. Calculate f(h).
2
Let l(p) be the first derivative of 4 + 3*p - 1/2*p**2. Suppose -3*r + 8*r + 3*m = 22, -3*r + 4*m + 19 = 0. Calculate l(r).
-2
Let l(s) be the second derivative of s**4/12 + 7*s**3/3 + 4*s**2 + 2*s. Give l(-9).
-37
Let q be -10 + 9 + (-1)/(-1). Let i(j) = q - 10*j + 3*j - j**2 + 3 + 3*j. Determine i(-4).
3
Suppose 26 - 200 = 29*o. Let q(u) = u + 3. What is q(o)?
-3
Suppose -5*j = -10*j + 110. Let m(p) = -14*p + j*p + 6*p. What is m(-1)?
-14
Let n(y) = 6*y. Suppose 0 = 2*v - 6 - 4. Suppose -3*t + 4 = v*k, -5*t + 2*k + 12 = -5. Suppose -g + 5*g = 3*p + 11, t*g - 8 = 2*p. Determine n(p).
-6
Let u(m) = -m**3 + 5*m**2 - 3*m - 7. Let i be u(3). Let h(p) = -p**3 + 4*p**2 - 3*p + 2. Determine h(i).
4
Let j(k) = 200*k + k**2 - 2*k**2 - 4 - 197*k + 2*k**2. What is j(-3)?
-4
Let b(m) = 6*m**3 - 3*m**2 + 2*m. Let w(g) = 3*g**2 + 39*g + 37. Let i be w(-12). Calculate b(i).
5
Let c(b) = -3*b - 1. Let d be c(-2). Let z be (-2)/d - 12/(-5). Let l(v) = -v - 1. Let g(j) = 10*j + 8. Let x(h) = g(h) + 6*l(h). Give x(z).
10
Let f(h) be the third derivative of -h**6/120 + 2*h**5/15 - h**4/8 - 13*h**2 - 11*h. Calculate f(5).
60
Let m(q) be the second derivative of -q**4/12 + q**3/6 + 2*q**2 + q - 47. Suppose 2*r - 3 = r. Calculate m(r).
-2
Let l(b) = -4*b + 4. Suppose -2*s - 5*q = 0, -2*s + 2*q = 4*q. Give l(s).
4
Suppose 12 = -v + 5*v. Let n(f) be the first derivative of 2*f**2 - 5*f - 4 + 1/4*f**4 + 2*f**v. Determine n(-5).
0
Let c be 1*(-5 + 3 + 11). Suppose 4*u - c*u + 25 = 0. Let s(h) be the first derivative of -h**4/4 + 2*h**3 - 3*h**2/2 - 5*h + 2. Calculate s(u).
5
Let c(k) = -k + 6. Let s be (38/(-19))/(2/(-8)). Give c(s).
-2
Suppose -400 + 115 = -5*o - 5*s, 5*s = 5*o - 305. Let m = o - 62. Let r(h) = -h**2 - 3*h - 1. Calculate r(m).
-1
Let p(j) be the third derivative of -13*j**4/6 + j**3/6 - 83*j**2. Determine p(1).
-51
Let b(p) = 69*p - 71. Let k be b(1). Let u(g) = 6*g + 0*g + 2 + g. Give u(k).
-12
Let k(o) be the second derivative of 5*o**3/3 - 862*o. Determine k(-2).
-20
Let q(s) = s + 18. Let n be q(-16). Let h(i) = -46*i - n + 2*i**3 + 48*i + 1 - 3*i**2. Give h(2).
7
Suppose 4*m = 16, -4*s + 5*m - 15 + 3 = 0. Suppose -s*f = -5*u + 196 + 129, -4*f = -20. Let t(k) = u - 67 + k. Determine t(-1).
-1
Let c(w) = w**2 + 3*w - 3. Suppose 10*r - 12*r = 0. Suppose -s = -3*b - 16, r*s - s + 11 = -2*b. Give c(b).
7
Suppose 26*z = 3*z + 92. Let j(d) = -7*d + 25. Determine j(z).
-3
Let h(t) = -t**2 + 4 + 3 + 5 + 2 - 5*t - 20. Let q be (0 + (-4)/(-2))*1. Let z(c) = -4*c + 3. Let u be z(q). What is h(u)?
-6
Let v(q) = -q**3 + 16*q**2. Let i be (1 - -12) + -9 + 12. Let b 